{"id":174,"date":"2022-07-28T18:20:46","date_gmt":"2022-07-28T18:20:46","guid":{"rendered":"https:\/\/semnomeciateatro.com\/?page_id=174"},"modified":"2022-08-11T20:27:58","modified_gmt":"2022-08-11T20:27:58","slug":"espetaculos","status":"publish","type":"page","link":"https:\/\/semnomeciateatro.com\/?page_id=174","title":{"rendered":"Espet\u00e1culos"},"content":{"rendered":"\n<h2 class=\"wp-block-heading\"><strong>ESPET\u00c1CULOS<\/strong><\/h2>\n\n\n\n<h3 class=\"wp-block-heading\"><strong>DE REPERT\u00d3RIO<\/strong><\/h3>\n\n\n\n<pre class=\"wp-block-preformatted\"><span style=\"font-family: &quot;DM Sans&quot;, sans-serif; font-size: 1rem; background-color: inherit;\">Eu Nasci Mulher; Beleza Rara; A Pl\u00e1stica Desnecess\u00e1ria; Geni e Distrito Zero.<\/span><p><font _mstmutation=\"1\" _msthash=\"1046282\"><\/p><\/pre>\n\n\n\n<h3 class=\"wp-block-heading\"><strong>ANTIGOS<\/strong><\/h3>\n\n\n\n<pre class=\"wp-block-preformatted\"><span style=\"font-family: &quot;DM Sans&quot;, sans-serif; font-size: 1rem; background-color: inherit;\">As Tias; Cei\u00e7\u00e3o e Quit\u00e9ria; O Vel\u00f3rio; Empatia e Resili\u00eancia.<\/span><p><font _mstmutation=\"1\" _msthash=\"1046282\"><\/p><\/pre>\n\n\n\n<figure class=\"wp-block-image aligncenter size-large is-resized\"><img fetchpriority=\"high\" decoding=\"async\" src=\"http:\/\/semnomeciateatro.com\/wp-content\/uploads\/2022\/08\/photo_5138937243522673153_y.jpg\" alt=\"\" class=\"wp-image-416\" width=\"305\" height=\"541\" srcset=\"https:\/\/semnomeciateatro.com\/wp-content\/uploads\/2022\/08\/photo_5138937243522673153_y.jpg 540w, https:\/\/semnomeciateatro.com\/wp-content\/uploads\/2022\/08\/photo_5138937243522673153_y-169x300.jpg 169w\" sizes=\"(max-width: 305px) 100vw, 305px\" \/><figcaption><font _mstmutation=\"1\" _msthash=\"1715259\"><\/figcaption><\/figure>\n\n\n\n<hr class=\"wp-block-separator has-alpha-channel-opacity is-style-wide\"\/>\n\n\n\n<h3 class=\"wp-block-heading\"><font _mstmutation=\"1\" _msthash=\"1138566\"><strong>Distrito Zero<\/strong><\/font><\/h3>\n\n\n\n<pre class=\"wp-block-preformatted\"><span style=\"font-family: &quot;DM Sans&quot;, sans-serif; font-size: 1rem; background-color: inherit;\">\u00c9 um espet\u00e1culo que estreou em 2013, j\u00e1 realizou 107 sess\u00f5es em temporadas de circula\u00e7\u00e3o em Goi\u00e2nia; cidades do interior do estado de Goi\u00e1s; em festivais regionais e nacionais.<\/span>\n\n<span style=\"font-family: &quot;DM Sans&quot;, sans-serif; font-size: 1rem; background-color: inherit;\">Distrito Zero \u00e9 a hist\u00f3ria de um sujeito em surto esquizofr\u00eanico. A constru\u00e7\u00e3o da narrativa c\u00eanica se d\u00e1 a partir do di\u00e1logo da personagem consigo mesma. Desse di\u00e1logo \u00e9 que a hist\u00f3ria de Ricardo\/Henrique vai sendo estruturada, por fragmentos que misturam del\u00edrio e realidade: a vida prom\u00edscua da m\u00e3e e a gravidez concebida de forma indesejada; os embates edipianos entre o filho e o pai; a depend\u00eancia qu\u00edmica; etc.<\/span>\n\n<span style=\"font-family: &quot;DM Sans&quot;, sans-serif; font-size: 1rem; background-color: inherit;\">Distrito Zero \u00e9 o inconsciente humano. Atrav\u00e9s dele que se adquirem as bases da personalidade, a capacidade de a\u00e7\u00e3o, o n\u00edvel de emo\u00e7\u00e3o com o qual percebe a vida, a sua intui\u00e7\u00e3o e outras caracter\u00edsticas do comportamento.<\/span><p><font _mstmutation=\"1\" _msthash=\"1046282\"><\/font><\/p><\/pre>\n\n\n\n<div class=\"inherit-container-width wp-block-group is-layout-constrained wp-block-group-is-layout-constrained\"><div class=\"wp-block-group__inner-container\">\n<figure class=\"wp-block-gallery has-nested-images columns-default is-cropped wp-block-gallery-1 is-layout-flex wp-block-gallery-is-layout-flex\">\n<figure class=\"wp-block-image size-large\"><img decoding=\"async\" width=\"849\" height=\"1080\" data-id=\"284\" src=\"http:\/\/semnomeciateatro.com\/wp-content\/uploads\/2022\/08\/6-1.png\" alt=\"\" class=\"wp-image-284\" srcset=\"https:\/\/semnomeciateatro.com\/wp-content\/uploads\/2022\/08\/6-1.png 849w, https:\/\/semnomeciateatro.com\/wp-content\/uploads\/2022\/08\/6-1-236x300.png 236w, https:\/\/semnomeciateatro.com\/wp-content\/uploads\/2022\/08\/6-1-805x1024.png 805w, https:\/\/semnomeciateatro.com\/wp-content\/uploads\/2022\/08\/6-1-768x977.png 768w\" sizes=\"(max-width: 849px) 100vw, 849px\" \/><\/figure>\n\n\n\n<figure class=\"wp-block-image size-large\"><img decoding=\"async\" width=\"734\" height=\"1080\" data-id=\"283\" src=\"http:\/\/semnomeciateatro.com\/wp-content\/uploads\/2022\/08\/5-1.png\" alt=\"\" class=\"wp-image-283\" srcset=\"https:\/\/semnomeciateatro.com\/wp-content\/uploads\/2022\/08\/5-1.png 734w, https:\/\/semnomeciateatro.com\/wp-content\/uploads\/2022\/08\/5-1-204x300.png 204w, https:\/\/semnomeciateatro.com\/wp-content\/uploads\/2022\/08\/5-1-696x1024.png 696w\" sizes=\"(max-width: 734px) 100vw, 734px\" \/><\/figure>\n\n\n\n<figure class=\"wp-block-image size-large\"><img loading=\"lazy\" decoding=\"async\" width=\"1580\" height=\"1080\" data-id=\"282\" src=\"http:\/\/semnomeciateatro.com\/wp-content\/uploads\/2022\/08\/4-1.png\" alt=\"\" class=\"wp-image-282\" srcset=\"https:\/\/semnomeciateatro.com\/wp-content\/uploads\/2022\/08\/4-1.png 1580w, https:\/\/semnomeciateatro.com\/wp-content\/uploads\/2022\/08\/4-1-300x205.png 300w, https:\/\/semnomeciateatro.com\/wp-content\/uploads\/2022\/08\/4-1-1024x700.png 1024w, https:\/\/semnomeciateatro.com\/wp-content\/uploads\/2022\/08\/4-1-768x525.png 768w, https:\/\/semnomeciateatro.com\/wp-content\/uploads\/2022\/08\/4-1-1536x1050.png 1536w\" sizes=\"(max-width: 1580px) 100vw, 1580px\" \/><\/figure>\n\n\n\n<figure class=\"wp-block-image size-large\"><img loading=\"lazy\" decoding=\"async\" width=\"1080\" height=\"1080\" data-id=\"281\" src=\"http:\/\/semnomeciateatro.com\/wp-content\/uploads\/2022\/08\/3-1.png\" alt=\"\" class=\"wp-image-281\" srcset=\"https:\/\/semnomeciateatro.com\/wp-content\/uploads\/2022\/08\/3-1.png 1080w, https:\/\/semnomeciateatro.com\/wp-content\/uploads\/2022\/08\/3-1-300x300.png 300w, https:\/\/semnomeciateatro.com\/wp-content\/uploads\/2022\/08\/3-1-1024x1024.png 1024w, https:\/\/semnomeciateatro.com\/wp-content\/uploads\/2022\/08\/3-1-150x150.png 150w, https:\/\/semnomeciateatro.com\/wp-content\/uploads\/2022\/08\/3-1-768x768.png 768w\" sizes=\"(max-width: 1080px) 100vw, 1080px\" \/><\/figure>\n\n\n\n<figure class=\"wp-block-image size-large\"><img loading=\"lazy\" decoding=\"async\" width=\"1580\" height=\"1080\" data-id=\"280\" src=\"http:\/\/semnomeciateatro.com\/wp-content\/uploads\/2022\/08\/2-1.png\" alt=\"\" class=\"wp-image-280\" srcset=\"https:\/\/semnomeciateatro.com\/wp-content\/uploads\/2022\/08\/2-1.png 1580w, https:\/\/semnomeciateatro.com\/wp-content\/uploads\/2022\/08\/2-1-300x205.png 300w, https:\/\/semnomeciateatro.com\/wp-content\/uploads\/2022\/08\/2-1-1024x700.png 1024w, https:\/\/semnomeciateatro.com\/wp-content\/uploads\/2022\/08\/2-1-768x525.png 768w, https:\/\/semnomeciateatro.com\/wp-content\/uploads\/2022\/08\/2-1-1536x1050.png 1536w\" sizes=\"(max-width: 1580px) 100vw, 1580px\" \/><\/figure>\n\n\n\n<figure class=\"wp-block-image size-large\"><img loading=\"lazy\" decoding=\"async\" width=\"963\" height=\"1080\" data-id=\"279\" src=\"http:\/\/semnomeciateatro.com\/wp-content\/uploads\/2022\/08\/1-1.png\" alt=\"\" class=\"wp-image-279\" srcset=\"https:\/\/semnomeciateatro.com\/wp-content\/uploads\/2022\/08\/1-1.png 963w, https:\/\/semnomeciateatro.com\/wp-content\/uploads\/2022\/08\/1-1-268x300.png 268w, https:\/\/semnomeciateatro.com\/wp-content\/uploads\/2022\/08\/1-1-913x1024.png 913w, https:\/\/semnomeciateatro.com\/wp-content\/uploads\/2022\/08\/1-1-768x861.png 768w\" sizes=\"(max-width: 963px) 100vw, 963px\" \/><\/figure>\n\n\n\n<figure class=\"wp-block-image size-large\"><img loading=\"lazy\" decoding=\"async\" width=\"2560\" height=\"1707\" data-id=\"255\" src=\"http:\/\/semnomeciateatro.com\/wp-content\/uploads\/2022\/08\/DZ-TeNpo-2022-foto-Yan-Rissatti-14-scaled.jpg\" alt=\"\" class=\"wp-image-255\" srcset=\"https:\/\/semnomeciateatro.com\/wp-content\/uploads\/2022\/08\/DZ-TeNpo-2022-foto-Yan-Rissatti-14-scaled.jpg 2560w, https:\/\/semnomeciateatro.com\/wp-content\/uploads\/2022\/08\/DZ-TeNpo-2022-foto-Yan-Rissatti-14-300x200.jpg 300w, https:\/\/semnomeciateatro.com\/wp-content\/uploads\/2022\/08\/DZ-TeNpo-2022-foto-Yan-Rissatti-14-1024x683.jpg 1024w, https:\/\/semnomeciateatro.com\/wp-content\/uploads\/2022\/08\/DZ-TeNpo-2022-foto-Yan-Rissatti-14-768x512.jpg 768w, https:\/\/semnomeciateatro.com\/wp-content\/uploads\/2022\/08\/DZ-TeNpo-2022-foto-Yan-Rissatti-14-1536x1024.jpg 1536w, https:\/\/semnomeciateatro.com\/wp-content\/uploads\/2022\/08\/DZ-TeNpo-2022-foto-Yan-Rissatti-14-2048x1365.jpg 2048w\" sizes=\"(max-width: 2560px) 100vw, 2560px\" \/><\/figure>\n\n\n\n<figure class=\"wp-block-image size-large\"><img loading=\"lazy\" decoding=\"async\" width=\"1580\" height=\"1080\" data-id=\"285\" src=\"http:\/\/semnomeciateatro.com\/wp-content\/uploads\/2022\/08\/7.png\" alt=\"\" class=\"wp-image-285\" srcset=\"https:\/\/semnomeciateatro.com\/wp-content\/uploads\/2022\/08\/7.png 1580w, https:\/\/semnomeciateatro.com\/wp-content\/uploads\/2022\/08\/7-300x205.png 300w, https:\/\/semnomeciateatro.com\/wp-content\/uploads\/2022\/08\/7-1024x700.png 1024w, https:\/\/semnomeciateatro.com\/wp-content\/uploads\/2022\/08\/7-768x525.png 768w, https:\/\/semnomeciateatro.com\/wp-content\/uploads\/2022\/08\/7-1536x1050.png 1536w\" sizes=\"(max-width: 1580px) 100vw, 1580px\" \/><\/figure>\n<\/figure>\n<\/div><\/div>\n\n\n\n<div class=\"inherit-container-width wp-block-group is-layout-constrained wp-block-group-is-layout-constrained\"><div class=\"wp-block-group__inner-container\">\n<div class=\"wp-block-media-text alignwide is-stacked-on-mobile\" style=\"grid-template-columns:39% auto\"><figure class=\"wp-block-media-text__media\"><video controls src=\"http:\/\/semnomeciateatro.com\/wp-content\/uploads\/2022\/08\/CERES2.mp4\"><\/video><\/figure><div class=\"wp-block-media-text__content\">\n<p>Audit\u00f3rio cheio na segunda sess\u00e3o do Distrito Zero na cidade de Ceres.&nbsp;<\/p>\n\n\n\n<p><font _mstmutation=\"1\" _msthash=\"0\"><\/p>\n\n\n\n<p><font _mstmutation=\"1\" _msthash=\"1054808\"><\/font><\/p>\n\n\n\n<div style=\"height:37px\" aria-hidden=\"true\" class=\"wp-block-spacer\"><\/div>\n<\/div><\/div>\n\n\n\n<div style=\"height:15px\" aria-hidden=\"true\" class=\"wp-block-spacer\"><\/div>\n\n\n\n<figure class=\"wp-block-embed alignleft is-type-video is-provider-youtube wp-block-embed-youtube wp-embed-aspect-4-3 wp-has-aspect-ratio\"><div class=\"wp-block-embed__wrapper\">\n<iframe title=\"TEASER do Espet\u00e1culo DISTRITO ZERO - ATENTADO AO PUDOR\" width=\"500\" height=\"375\" src=\"https:\/\/www.youtube.com\/embed\/2ANOy0Bzcl0?feature=oembed\" frameborder=\"0\" allow=\"accelerometer; autoplay; clipboard-write; encrypted-media; gyroscope; picture-in-picture; web-share\" referrerpolicy=\"strict-origin-when-cross-origin\" allowfullscreen><\/iframe>\n<\/div><figcaption><font _mstmutation=\"1\" _msthash=\"180882\" _msttexthash=\"3649360\"><em _msthash=\"180882\" _msttexthash=\"3696680\" _istranslated=\"1\">Teaser filmado nas apresenta\u00e7\u00f5es da temporada de estreia <\/em><\/font><font _mstmutation=\"1\" _msthash=\"180882\" _msttexthash=\"3792997\"><em>&#8211; <\/em><\/font><font _mstmutation=\"1\" _msthash=\"180882\" _msttexthash=\"3649360\"><em _msthash=\"180882\" _msttexthash=\"270686\" _istranslated=\"1\">Goi\u00e2nia Ouro &#8211; 2013. <\/em><\/font><font _mstmutation=\"1\" _msthash=\"2261545\"><\/figcaption><\/figure>\n<\/div><\/div>\n\n\n\n<div style=\"height:16px\" aria-hidden=\"true\" class=\"wp-block-spacer\"><\/div>\n\n\n\n<h3 class=\"wp-block-heading\"><font _mstmutation=\"1\" _msthash=\"1138566\"><strong>A Pl\u00e1stica Desnecess\u00e1ria&nbsp;<\/strong><\/font><\/h3>\n\n\n\n<pre class=\"wp-block-preformatted\"><span style=\"font-family: &quot;DM Sans&quot;, sans-serif; font-size: 1rem; background-color: inherit;\">Um alerta contra a <strong>gordofobia<\/strong>.<\/span>\n<span style=\"font-family: &quot;DM Sans&quot;, sans-serif; font-size: 1rem; background-color: inherit;\">Andar pelas ruas e notar alguns olhares estranhos ou sempre ouvir aquelas frases: <em>\"Nossa, voc\u00ea tem um rosto t\u00e3o bonito, porque n\u00e3o emagrece?\"<\/em>, <em>\"Nessa loja n\u00e3o vendemos o seu tamanho!\"<\/em>, <em>\"Voc\u00ea vai mesmo ter coragem de colocar um biquini?\"<\/em>.<\/span>\n<span style=\"font-family: &quot;DM Sans&quot;, sans-serif; font-size: 1rem; background-color: inherit;\">S\u00e3o muitas as p\u00e9rolas que uma pessoa obesa ouve no seu dia a dia. Isso tem nome: \u00e9 gordofobia. O espet\u00e1culo aborda essa quest\u00e3o, narrada por uma mulher gorda. Em cena, ela \u00e9 surpreendida por dois homens que passam a elogi\u00e1-la assim como ela \u00e9 e tentam demov\u00ea-la da ideia de realizar cirurgias pl\u00e1sticas.<\/span><p><font _mstmutation=\"1\" _msthash=\"1046282\"><\/p><\/pre>\n\n\n\n<figure class=\"wp-block-gallery has-nested-images columns-default is-cropped wp-block-gallery-2 is-layout-flex wp-block-gallery-is-layout-flex\"><\/figure>\n\n\n\n<div style=\"height:20px\" aria-hidden=\"true\" class=\"wp-block-spacer\"><\/div>\n\n\n\n<h3 class=\"wp-block-heading\"><font _mstmutation=\"1\" _msthash=\"1138566\"><strong>Eu Nasci Mulher&nbsp;<\/strong><\/font><\/h3>\n\n\n\n<pre class=\"wp-block-preformatted\"><span style=\"font-family: &quot;DM Sans&quot;, sans-serif; font-size: 1rem; background-color: inherit;\">Uma das vers\u00f5es do espet\u00e1culo aborda a tem\u00e1tica <strong>\"Gravidez na Adolesc\u00eancia\"<\/strong> e os problemas vivenciados por uma garota que, aos 15 anos, engravidou e se viu sem condi\u00e7\u00f5es de enfrentar os problemas decorrentes. O pai \u00e9 um garoto que adora passar o dia no videogame e sem quaisquer condi\u00e7\u00f5es de assumir responsabilidades. <\/span>\n<span style=\"font-family: &quot;DM Sans&quot;, sans-serif; font-size: 1rem; background-color: inherit;\">\u00c9 o drama de uma garota que ainda brincava de bonecas de pl\u00e1stico quando se viu com um \"boneco de carne e osso\" nos bra\u00e7os.<\/span><p><font _mstmutation=\"1\" _msthash=\"1046282\"><\/p><\/pre>\n\n\n\n<figure class=\"wp-block-gallery has-nested-images columns-default is-cropped wp-block-gallery-3 is-layout-flex wp-block-gallery-is-layout-flex\"><\/figure>\n","protected":false},"excerpt":{"rendered":"<p>ESPET\u00c1CULOS DE REPERT\u00d3RIO Eu Nasci Mulher; Beleza Rara; A Pl\u00e1stica Desnecess\u00e1ria; Geni e Distrito Zero. ANTIGOS As Tias; Cei\u00e7\u00e3o e Quit\u00e9ria; O Vel\u00f3rio; Empatia e Resili\u00eancia. Distrito Zero \u00c9 um espet\u00e1culo que estreou em 2013, j\u00e1 realizou 107 sess\u00f5es em temporadas de circula\u00e7\u00e3o em Goi\u00e2nia; cidades do interior do estado de Goi\u00e1s; em festivais regionais [&hellip;]<\/p>\n","protected":false},"author":1,"featured_media":0,"parent":0,"menu_order":0,"comment_status":"closed","ping_status":"closed","template":"","meta":{"content-type":"","om_disable_all_campaigns":false,"_monsterinsights_skip_tracking":false,"_monsterinsights_sitenote_active":false,"_monsterinsights_sitenote_note":"","_monsterinsights_sitenote_category":0,"site-sidebar-layout":"default","site-content-layout":"","ast-site-content-layout":"default","site-content-style":"default","site-sidebar-style":"default","ast-global-header-display":"","ast-banner-title-visibility":"","ast-main-header-display":"","ast-hfb-above-header-display":"","ast-hfb-below-header-display":"","ast-hfb-mobile-header-display":"","site-post-title":"disabled","ast-breadcrumbs-content":"","ast-featured-img":"","footer-sml-layout":"","ast-disable-related-posts":"","theme-transparent-header-meta":"","adv-header-id-meta":"","stick-header-meta":"","header-above-stick-meta":"","header-main-stick-meta":"","header-below-stick-meta":"","astra-migrate-meta-layouts":"default","ast-page-background-enabled":"default","ast-page-background-meta":{"desktop":{"background-color":"var(--ast-global-color-4)","background-image":"","background-repeat":"repeat","background-position":"center center","background-size":"auto","background-attachment":"scroll","background-type":"","background-media":"","overlay-type":"","overlay-color":"","overlay-opacity":"","overlay-gradient":""},"tablet":{"background-color":"","background-image":"","background-repeat":"repeat","background-position":"center center","background-size":"auto","background-attachment":"scroll","background-type":"","background-media":"","overlay-type":"","overlay-color":"","overlay-opacity":"","overlay-gradient":""},"mobile":{"background-color":"","background-image":"","background-repeat":"repeat","background-position":"center center","background-size":"auto","background-attachment":"scroll","background-type":"","background-media":"","overlay-type":"","overlay-color":"","overlay-opacity":"","overlay-gradient":""}},"ast-content-background-meta":{"desktop":{"background-color":"var(--ast-global-color-5)","background-image":"","background-repeat":"repeat","background-position":"center center","background-size":"auto","background-attachment":"scroll","background-type":"","background-media":"","overlay-type":"","overlay-color":"","overlay-opacity":"","overlay-gradient":""},"tablet":{"background-color":"var(--ast-global-color-5)","background-image":"","background-repeat":"repeat","background-position":"center center","background-size":"auto","background-attachment":"scroll","background-type":"","background-media":"","overlay-type":"","overlay-color":"","overlay-opacity":"","overlay-gradient":""},"mobile":{"background-color":"var(--ast-global-color-5)","background-image":"","background-repeat":"repeat","background-position":"center center","background-size":"auto","background-attachment":"scroll","background-type":"","background-media":"","overlay-type":"","overlay-color":"","overlay-opacity":"","overlay-gradient":""}},"footnotes":""},"class_list":["post-174","page","type-page","status-publish","hentry"],"aioseo_notices":[],"_links":{"self":[{"href":"https:\/\/semnomeciateatro.com\/index.php?rest_route=\/wp\/v2\/pages\/174","targetHints":{"allow":["GET"]}}],"collection":[{"href":"https:\/\/semnomeciateatro.com\/index.php?rest_route=\/wp\/v2\/pages"}],"about":[{"href":"https:\/\/semnomeciateatro.com\/index.php?rest_route=\/wp\/v2\/types\/page"}],"author":[{"embeddable":true,"href":"https:\/\/semnomeciateatro.com\/index.php?rest_route=\/wp\/v2\/users\/1"}],"replies":[{"embeddable":true,"href":"https:\/\/semnomeciateatro.com\/index.php?rest_route=%2Fwp%2Fv2%2Fcomments&post=174"}],"version-history":[{"count":32,"href":"https:\/\/semnomeciateatro.com\/index.php?rest_route=\/wp\/v2\/pages\/174\/revisions"}],"predecessor-version":[{"id":424,"href":"https:\/\/semnomeciateatro.com\/index.php?rest_route=\/wp\/v2\/pages\/174\/revisions\/424"}],"wp:attachment":[{"href":"https:\/\/semnomeciateatro.com\/index.php?rest_route=%2Fwp%2Fv2%2Fmedia&parent=174"}],"curies":[{"name":"wp","href":"https:\/\/api.w.org\/{rel}","templated":true}]}}